{"id":111293,"date":"2019-10-20T12:40:48","date_gmt":"2019-10-20T10:40:48","guid":{"rendered":"https:\/\/www.job4good.it\/?page_id=111293"},"modified":"2024-02-16T12:37:50","modified_gmt":"2024-02-16T11:37:50","slug":"sono-un-formatore","status":"publish","type":"page","link":"https:\/\/www.job4good.it\/formazione\/sono-un-formatore\/","title":{"rendered":"Informazioni per Formatori"},"content":{"rendered":"<div class=\"wpb-content-wrapper\"><p>[vc_row careerfy_container=&#8221;wide&#8221; el_class=&#8221;vc_hidden-xs&#8221;][vc_column][vc_single_image image=&#8221;254981&#8243; img_size=&#8221;full&#8221; alignment=&#8221;center&#8221;][vc_empty_space][\/vc_column][\/vc_row][vc_row css=&#8221;.vc_custom_1573487168359{background-image: url(https:\/\/job4good.it\/formazione\/wp-content\/uploads\/jobsearch-locations\/2019\/10\/full-bg-shape1.png?id=111340) !important;}&#8221;][vc_column][vc_row_inner content_placement=&#8221;middle&#8221;][vc_column_inner][vc_column_text]<\/p>\n<h2 style=\"text-align: center;\"><span style=\"font-size: 24pt;\">Promuovi la tua Formazione<\/span><\/h2>\n<p>[\/vc_column_text][vc_column_text css=&#8221;.vc_custom_1604048119602{margin-left: 10px !important;}&#8221;]<span style=\"font-weight: 400; font-size: 14pt;\">Promuovi il tuo corso di formazione nella forma pi\u00f9 efficace, semplice e veloce verso il pubblico a te pi\u00f9 adatto.<\/span><\/p>\n<p><span style=\"font-weight: 400; font-size: 14pt;\">Se sei un formatore, una scuola, un&#8217;Universit\u00e0 o un altro soggetto qualificato che eroga formazione verso operatori e professionisti del Terzo Settore, <strong>Job4good \u00e8 il partner ideale per la promozione dei tuoi corsi e della tua attivit\u00e0<\/strong>.<\/span><\/p>\n<p><span style=\"font-weight: 400; font-size: 14pt;\">Avrai a disposizione gli <strong>strumenti pi\u00f9 adatti per realizzare i tuoi obiettivi<\/strong> di posizionamento raggiungendo il target interessato alla formazione che offri.<\/span><\/p>\n<p><span style=\"font-weight: 400; font-size: 14pt;\">Registrandoti al portale otterrai un Account per la tua realt\u00e0 e una pagina dove poter condividere contenuti che aiuteranno il tuo posizionamento online nei motori di ricerca.<\/span><\/p>\n<p><span style=\"font-weight: 400; font-size: 14pt;\">Inoltre i tuoi annunci verranno da noi <strong>indicizzati sia per la visibilit\u00e0 su Job4good<\/strong> sia per <strong>i motori di ricerca online<\/strong> per poter esser sempre facilmente raggiungibili da chi sta cercando formazione nel terzo settore.<\/span>[\/vc_column_text][\/vc_column_inner][\/vc_row_inner][\/vc_column][\/vc_row][vc_row careerfy_container=&#8221;wide&#8221;][vc_column][vc_empty_space][vc_column_text]<\/p>\n<h2 style=\"text-align: center;\"><span style=\"font-size: 24pt;\">Come funziona il servizio<\/span><\/h2>\n<p>[\/vc_column_text]<div class=\"careerfy-services careerfy-services-twentyone\"><ul class=\"row\">\r\n        \r\n       <li class=\"col-md-3\">\r\n       <a href=\"\">\r\n         <span >01. Registrati<\/span>\r\n         <p >Registrati come formatore\/ente erogante i corsi di formazione<\/p>\r\n         <i class=\"fas fa-user-check\"><\/i>\r\n         <\/a>\r\n        <\/li>\r\n       <li class=\"col-md-3\">\r\n       <a href=\"\">\r\n         <span >02. Presentati<\/span>\r\n         <p >Sviluppa il tuo profilo pubblico, fatti conoscere dalla community<\/p>\r\n         <i class=\"far fa-building\"><\/i>\r\n         <\/a>\r\n        <\/li>\r\n       <li class=\"col-md-3\">\r\n       <a href=\"\">\r\n         <span >03. Pubblica Corsi<\/span>\r\n         <p >Inserisci gratuitamente annunci promozionali dei tuoi corsi<\/p>\r\n         <i class=\"fas fa-upload\"><\/i>\r\n         <\/a>\r\n        <\/li>\r\n       <li class=\"col-md-3\">\r\n       <a href=\"\">\r\n         <span >04. Ottieni risultati<\/span>\r\n         <p >Analizza la performance del tuo annuncio promozionale<\/p>\r\n         <i class=\"fas fa-chart-line\"><\/i>\r\n         <\/a>\r\n        <\/li>\r\n        <\/ul><\/div>\n[vc_empty_space][\/vc_column][\/vc_row][vc_row][vc_column][vc_empty_space height=&#8221;100px&#8221;][vc_column_text]<\/p>\n<h2 style=\"text-align: center;\"><span style=\"font-size: 24pt;\">Perch\u00e9 scegliere Job4good per la promozione dei tuoi corsi<\/span><\/h2>\n<p>[\/vc_column_text]<div class=\"careerfy-seventeen-services\"><ul class=\"row\">\r\n        <li class=\"col-md-3\">\r\n                     <i class=\"fas fa-child\"><\/i>\r\n                     <h2 ><a href=\"#\"><\/a><\/h2>\r\n                     <p >Job4good \u00e8 dedicato ad operatori del Terzo Settore, professionisti ed a giovani interessati al non profit<\/p>\r\n                 <\/li><li class=\"col-md-3\">\r\n                     <i class=\"far fa-clock\"><\/i>\r\n                     <h2 ><\/h2>\r\n                     <p >Risparmierai tempo nella ricerca di nuovi potenziali candidati ai tuoi corsi<\/p>\r\n                 <\/li><li class=\"col-md-3\">\r\n                     <i class=\"fas fa-hand-holding-usd\"><\/i>\r\n                     <h2 ><\/h2>\r\n                     <p >Ottimizzerai l'investimento per la promozione del tuo corso<\/p>\r\n                 <\/li><li class=\"col-md-3\">\r\n                     <i class=\"fas fa-headset\"><\/i>\r\n                     <h2 ><\/h2>\r\n                     <p >Avrai un servizio di supporto amichevole e disponibile<\/p>\r\n                 <\/li>\r\n        <\/ul><\/div>\n[vc_empty_space height=&#8221;100px&#8221;][\/vc_column][\/vc_row][vc_row][vc_column width=&#8221;2\/3&#8243;][vc_empty_space height=&#8221;100px&#8221;][vc_video link=&#8221;https:\/\/youtu.be\/6qLW6cwoIlI&#8221; align=&#8221;right&#8221;][\/vc_column][vc_column width=&#8221;1\/3&#8243;][vc_empty_space height=&#8221;200px&#8221;]\t\t\t<div class=\"careerfy-more-view4-btn\"><a href=\"https:\/\/job4good.it\/formazione\/dashboard-utente\/\">Registrati ora<\/a><\/div>\r\n\t\t [\/vc_column][\/vc_row][vc_row][vc_column][vc_empty_space height=&#8221;80px&#8221;][vc_message]<\/p>\n<h2>Contatti<\/h2>\n<p>Siamo qui per aiutarti. Se vuoi un contatto diretto puoi scriverci via mail a &#x69;&#x6e;&#x66;&#x6f;&#x40;&#x6a;&#111;&#98;&#52;&#103;ood&#46;&#x69;&#x74; o contattarci telefonicamente al numero 3420337228 (Diego Maria Ierna)[\/vc_message][vc_empty_space height=&#8221;150px&#8221;][\/vc_column][\/vc_row]<\/p>\n<\/div>","protected":false},"excerpt":{"rendered":"<p>[vc_row careerfy_container=&#8221;wide&#8221; el_class=&#8221;vc_hidden-xs&#8221;][vc_column][vc_single_image image=&#8221;254981&#8243; img_size=&#8221;full&#8221; alignment=&#8221;center&#8221;][vc_empty_space][\/vc_column][\/vc_row][vc_row css=&#8221;.vc_custom_1573487168359{background-image: url(https:\/\/job4good.it\/formazione\/wp-content\/uploads\/jobsearch-locations\/2019\/10\/full-bg-shape1.png?id=111340) !important;}&#8221;][vc_column][vc_row_inner content_placement=&#8221;middle&#8221;][vc_column_inner][vc_column_text] Promuovi la tua Formazione [\/vc_column_text][vc_column_text css=&#8221;.vc_custom_1604048119602{margin-left: 10px !important;}&#8221;]Promuovi il tuo corso di formazione nella forma pi\u00f9 efficace, semplice e veloce verso il pubblico a te pi\u00f9 adatto. Se sei un formatore, una scuola, un&#8217;Universit\u00e0 o un altro soggetto qualificato che eroga formazione verso operatori e&#8230;<\/p>\n","protected":false},"author":6191,"featured_media":254968,"parent":0,"menu_order":0,"comment_status":"closed","ping_status":"closed","template":"","meta":{"footnotes":""},"class_list":["post-111293","page","type-page","status-publish","has-post-thumbnail","hentry"],"yoast_head":"<!-- This site is optimized with the Yoast SEO plugin v27.2 - https:\/\/yoast.com\/product\/yoast-seo-wordpress\/ -->\n<title>Informazioni per Formatori | Formazione Job4good<\/title>\n<meta name=\"robots\" content=\"index, follow, max-snippet:-1, max-image-preview:large, max-video-preview:-1\" \/>\n<link rel=\"canonical\" href=\"https:\/\/www.job4good.it\/formazione\/sono-un-formatore\/\" \/>\n<meta property=\"og:locale\" content=\"it_IT\" \/>\n<meta property=\"og:type\" content=\"article\" \/>\n<meta property=\"og:title\" content=\"Informazioni per Formatori | Formazione Job4good\" \/>\n<meta property=\"og:description\" content=\"[vc_row careerfy_container=&#8221;wide&#8221; el_class=&#8221;vc_hidden-xs&#8221;][vc_column][vc_single_image image=&#8221;254981&#8243; img_size=&#8221;full&#8221; alignment=&#8221;center&#8221;][vc_empty_space][\/vc_column][\/vc_row][vc_row css=&#8221;.vc_custom_1573487168359{background-image: url(https:\/\/job4good.it\/formazione\/wp-content\/uploads\/jobsearch-locations\/2019\/10\/full-bg-shape1.png?id=111340) !important;}&#8221;][vc_column][vc_row_inner content_placement=&#8221;middle&#8221;][vc_column_inner][vc_column_text] Promuovi la tua Formazione [\/vc_column_text][vc_column_text css=&#8221;.vc_custom_1604048119602{margin-left: 10px !important;}&#8221;]Promuovi il tuo corso di formazione nella forma pi\u00f9 efficace, semplice e veloce verso il pubblico a te pi\u00f9 adatto. Se sei un formatore, una scuola, un&#8217;Universit\u00e0 o un altro soggetto qualificato che eroga formazione verso operatori e...\" \/>\n<meta property=\"og:url\" content=\"https:\/\/www.job4good.it\/formazione\/sono-un-formatore\/\" \/>\n<meta property=\"og:site_name\" content=\"Formazione Job4good\" \/>\n<meta property=\"article:publisher\" content=\"https:\/\/www.facebook.com\/Job4good\" \/>\n<meta property=\"article:modified_time\" content=\"2024-02-16T11:37:50+00:00\" \/>\n<meta property=\"og:image\" content=\"https:\/\/www.job4good.it\/formazione\/wp-content\/uploads\/2021\/05\/FORMAZIONE-FORMATORI.jpg\" \/>\n\t<meta property=\"og:image:width\" content=\"1920\" \/>\n\t<meta property=\"og:image:height\" content=\"500\" \/>\n\t<meta property=\"og:image:type\" content=\"image\/jpeg\" \/>\n<meta name=\"twitter:card\" content=\"summary_large_image\" \/>\n<meta name=\"twitter:site\" content=\"@job4good\" \/>\n<meta name=\"twitter:label1\" content=\"Tempo di lettura stimato\" \/>\n\t<meta name=\"twitter:data1\" content=\"2 minuti\" \/>\n<script type=\"application\/ld+json\" class=\"yoast-schema-graph\">{\"@context\":\"https:\/\/schema.org\",\"@graph\":[{\"@type\":\"WebPage\",\"@id\":\"https:\/\/www.job4good.it\/formazione\/sono-un-formatore\/\",\"url\":\"https:\/\/www.job4good.it\/formazione\/sono-un-formatore\/\",\"name\":\"Informazioni per Formatori | Formazione Job4good\",\"isPartOf\":{\"@id\":\"https:\/\/www.job4good.it\/formazione\/#website\"},\"primaryImageOfPage\":{\"@id\":\"https:\/\/www.job4good.it\/formazione\/sono-un-formatore\/#primaryimage\"},\"image\":{\"@id\":\"https:\/\/www.job4good.it\/formazione\/sono-un-formatore\/#primaryimage\"},\"thumbnailUrl\":\"https:\/\/www.job4good.it\/formazione\/wp-content\/uploads\/2021\/05\/FORMAZIONE-FORMATORI.jpg\",\"datePublished\":\"2019-10-20T10:40:48+00:00\",\"dateModified\":\"2024-02-16T11:37:50+00:00\",\"breadcrumb\":{\"@id\":\"https:\/\/www.job4good.it\/formazione\/sono-un-formatore\/#breadcrumb\"},\"inLanguage\":\"it-IT\",\"potentialAction\":[{\"@type\":\"ReadAction\",\"target\":[\"https:\/\/www.job4good.it\/formazione\/sono-un-formatore\/\"]}]},{\"@type\":\"ImageObject\",\"inLanguage\":\"it-IT\",\"@id\":\"https:\/\/www.job4good.it\/formazione\/sono-un-formatore\/#primaryimage\",\"url\":\"https:\/\/www.job4good.it\/formazione\/wp-content\/uploads\/2021\/05\/FORMAZIONE-FORMATORI.jpg\",\"contentUrl\":\"https:\/\/www.job4good.it\/formazione\/wp-content\/uploads\/2021\/05\/FORMAZIONE-FORMATORI.jpg\",\"width\":1920,\"height\":500,\"caption\":\"FORMAZIONE-FORMATORI\"},{\"@type\":\"BreadcrumbList\",\"@id\":\"https:\/\/www.job4good.it\/formazione\/sono-un-formatore\/#breadcrumb\",\"itemListElement\":[{\"@type\":\"ListItem\",\"position\":1,\"name\":\"Home\",\"item\":\"https:\/\/www.job4good.it\/formazione\/\"},{\"@type\":\"ListItem\",\"position\":2,\"name\":\"Informazioni per Formatori\"}]},{\"@type\":\"WebSite\",\"@id\":\"https:\/\/www.job4good.it\/formazione\/#website\",\"url\":\"https:\/\/www.job4good.it\/formazione\/\",\"name\":\"Formazione Job4good\",\"description\":\"Scopri la formazione nel Terzo settore\",\"publisher\":{\"@id\":\"https:\/\/www.job4good.it\/formazione\/#organization\"},\"potentialAction\":[{\"@type\":\"SearchAction\",\"target\":{\"@type\":\"EntryPoint\",\"urlTemplate\":\"https:\/\/www.job4good.it\/formazione\/?s={search_term_string}\"},\"query-input\":{\"@type\":\"PropertyValueSpecification\",\"valueRequired\":true,\"valueName\":\"search_term_string\"}}],\"inLanguage\":\"it-IT\"},{\"@type\":\"Organization\",\"@id\":\"https:\/\/www.job4good.it\/formazione\/#organization\",\"name\":\"Job4good\",\"url\":\"https:\/\/www.job4good.it\/formazione\/\",\"logo\":{\"@type\":\"ImageObject\",\"inLanguage\":\"it-IT\",\"@id\":\"https:\/\/www.job4good.it\/formazione\/#\/schema\/logo\/image\/\",\"url\":\"\",\"contentUrl\":\"\",\"caption\":\"Job4good\"},\"image\":{\"@id\":\"https:\/\/www.job4good.it\/formazione\/#\/schema\/logo\/image\/\"},\"sameAs\":[\"https:\/\/www.facebook.com\/Job4good\",\"https:\/\/x.com\/job4good\",\"https:\/\/www.instagram.com\/job4good\/\",\"https:\/\/www.linkedin.com\/company\/job4good\/\",\"https:\/\/www.youtube.com\/channel\/UCfe_bzcYJ9gj1gq0XKmDfbA\"]}]}<\/script>\n<!-- \/ Yoast SEO plugin. -->","yoast_head_json":{"title":"Informazioni per Formatori | Formazione Job4good","robots":{"index":"index","follow":"follow","max-snippet":"max-snippet:-1","max-image-preview":"max-image-preview:large","max-video-preview":"max-video-preview:-1"},"canonical":"https:\/\/www.job4good.it\/formazione\/sono-un-formatore\/","og_locale":"it_IT","og_type":"article","og_title":"Informazioni per Formatori | Formazione Job4good","og_description":"[vc_row careerfy_container=&#8221;wide&#8221; el_class=&#8221;vc_hidden-xs&#8221;][vc_column][vc_single_image image=&#8221;254981&#8243; img_size=&#8221;full&#8221; alignment=&#8221;center&#8221;][vc_empty_space][\/vc_column][\/vc_row][vc_row css=&#8221;.vc_custom_1573487168359{background-image: url(https:\/\/job4good.it\/formazione\/wp-content\/uploads\/jobsearch-locations\/2019\/10\/full-bg-shape1.png?id=111340) !important;}&#8221;][vc_column][vc_row_inner content_placement=&#8221;middle&#8221;][vc_column_inner][vc_column_text] Promuovi la tua Formazione [\/vc_column_text][vc_column_text css=&#8221;.vc_custom_1604048119602{margin-left: 10px !important;}&#8221;]Promuovi il tuo corso di formazione nella forma pi\u00f9 efficace, semplice e veloce verso il pubblico a te pi\u00f9 adatto. Se sei un formatore, una scuola, un&#8217;Universit\u00e0 o un altro soggetto qualificato che eroga formazione verso operatori e...","og_url":"https:\/\/www.job4good.it\/formazione\/sono-un-formatore\/","og_site_name":"Formazione Job4good","article_publisher":"https:\/\/www.facebook.com\/Job4good","article_modified_time":"2024-02-16T11:37:50+00:00","og_image":[{"width":1920,"height":500,"url":"https:\/\/www.job4good.it\/formazione\/wp-content\/uploads\/2021\/05\/FORMAZIONE-FORMATORI.jpg","type":"image\/jpeg"}],"twitter_card":"summary_large_image","twitter_site":"@job4good","twitter_misc":{"Tempo di lettura stimato":"2 minuti"},"schema":{"@context":"https:\/\/schema.org","@graph":[{"@type":"WebPage","@id":"https:\/\/www.job4good.it\/formazione\/sono-un-formatore\/","url":"https:\/\/www.job4good.it\/formazione\/sono-un-formatore\/","name":"Informazioni per Formatori | Formazione Job4good","isPartOf":{"@id":"https:\/\/www.job4good.it\/formazione\/#website"},"primaryImageOfPage":{"@id":"https:\/\/www.job4good.it\/formazione\/sono-un-formatore\/#primaryimage"},"image":{"@id":"https:\/\/www.job4good.it\/formazione\/sono-un-formatore\/#primaryimage"},"thumbnailUrl":"https:\/\/www.job4good.it\/formazione\/wp-content\/uploads\/2021\/05\/FORMAZIONE-FORMATORI.jpg","datePublished":"2019-10-20T10:40:48+00:00","dateModified":"2024-02-16T11:37:50+00:00","breadcrumb":{"@id":"https:\/\/www.job4good.it\/formazione\/sono-un-formatore\/#breadcrumb"},"inLanguage":"it-IT","potentialAction":[{"@type":"ReadAction","target":["https:\/\/www.job4good.it\/formazione\/sono-un-formatore\/"]}]},{"@type":"ImageObject","inLanguage":"it-IT","@id":"https:\/\/www.job4good.it\/formazione\/sono-un-formatore\/#primaryimage","url":"https:\/\/www.job4good.it\/formazione\/wp-content\/uploads\/2021\/05\/FORMAZIONE-FORMATORI.jpg","contentUrl":"https:\/\/www.job4good.it\/formazione\/wp-content\/uploads\/2021\/05\/FORMAZIONE-FORMATORI.jpg","width":1920,"height":500,"caption":"FORMAZIONE-FORMATORI"},{"@type":"BreadcrumbList","@id":"https:\/\/www.job4good.it\/formazione\/sono-un-formatore\/#breadcrumb","itemListElement":[{"@type":"ListItem","position":1,"name":"Home","item":"https:\/\/www.job4good.it\/formazione\/"},{"@type":"ListItem","position":2,"name":"Informazioni per Formatori"}]},{"@type":"WebSite","@id":"https:\/\/www.job4good.it\/formazione\/#website","url":"https:\/\/www.job4good.it\/formazione\/","name":"Formazione Job4good","description":"Scopri la formazione nel Terzo settore","publisher":{"@id":"https:\/\/www.job4good.it\/formazione\/#organization"},"potentialAction":[{"@type":"SearchAction","target":{"@type":"EntryPoint","urlTemplate":"https:\/\/www.job4good.it\/formazione\/?s={search_term_string}"},"query-input":{"@type":"PropertyValueSpecification","valueRequired":true,"valueName":"search_term_string"}}],"inLanguage":"it-IT"},{"@type":"Organization","@id":"https:\/\/www.job4good.it\/formazione\/#organization","name":"Job4good","url":"https:\/\/www.job4good.it\/formazione\/","logo":{"@type":"ImageObject","inLanguage":"it-IT","@id":"https:\/\/www.job4good.it\/formazione\/#\/schema\/logo\/image\/","url":"","contentUrl":"","caption":"Job4good"},"image":{"@id":"https:\/\/www.job4good.it\/formazione\/#\/schema\/logo\/image\/"},"sameAs":["https:\/\/www.facebook.com\/Job4good","https:\/\/x.com\/job4good","https:\/\/www.instagram.com\/job4good\/","https:\/\/www.linkedin.com\/company\/job4good\/","https:\/\/www.youtube.com\/channel\/UCfe_bzcYJ9gj1gq0XKmDfbA"]}]}},"jetpack_sharing_enabled":true,"_links":{"self":[{"href":"https:\/\/www.job4good.it\/formazione\/wp-json\/wp\/v2\/pages\/111293","targetHints":{"allow":["GET"]}}],"collection":[{"href":"https:\/\/www.job4good.it\/formazione\/wp-json\/wp\/v2\/pages"}],"about":[{"href":"https:\/\/www.job4good.it\/formazione\/wp-json\/wp\/v2\/types\/page"}],"author":[{"embeddable":true,"href":"https:\/\/www.job4good.it\/formazione\/wp-json\/wp\/v2\/users\/6191"}],"replies":[{"embeddable":true,"href":"https:\/\/www.job4good.it\/formazione\/wp-json\/wp\/v2\/comments?post=111293"}],"version-history":[{"count":0,"href":"https:\/\/www.job4good.it\/formazione\/wp-json\/wp\/v2\/pages\/111293\/revisions"}],"wp:featuredmedia":[{"embeddable":true,"href":"https:\/\/www.job4good.it\/formazione\/wp-json\/wp\/v2\/media\/254968"}],"wp:attachment":[{"href":"https:\/\/www.job4good.it\/formazione\/wp-json\/wp\/v2\/media?parent=111293"}],"curies":[{"name":"wp","href":"https:\/\/api.w.org\/{rel}","templated":true}]}}